18 + -15 + 1 + (1 - 2)
3
-1 + (-1 - 1) - (20 - 19)
-4
3 - (3 - (5 + -10)) - -8
3
What is 0 + (2 + -3 - -9) + -3?
5
What is the value of -1 + -2 + 0 + 2?
-1
Evaluate -2 + -2 + -4 + 10.
2
What is the value of (8 - (-7 - -13)) + -2 + 1?
1
What is the value of -2 + (-7 - 3) + -11 + 18?
-5
Evaluate -3 - (2 - 6 - -3).
-2
Calculate -13 - -7 - -6 - (-8 + 2).
6
Evaluate (10 - 2 - 8) + -5.
-5
Calculate (16 - 11) + -10 - 3.
-8
What is 3 - (4 + -4 - -8)?
-5
What is the value of -7 + (5 - -5) - (-1 - -4)?
0
Evaluate 8 - 6 - 0 - 2.
0
Evaluate 12 + (3 - (15 + -5)).
5
6 + -7 - -1 - (0 - -3)
-3
Calculate (1 + -4 - -3 - -12) + -9.
3
What is the value of -3 - (3 + (4 - 8))?
-2
16 + -13 - (0 - -2)
1
What is the value of 1 + 2 + 3 - 2?
4
What is the value of 1 + 2 - (-7 + -2 + 4)?
8
-6 + (9 - (1 - 6))
8
What is 0 + -9 + 11 + 4?
6
Evaluate 2 + -1 + -2 - -4.
3
Calculate 3 + -2 + (-1 - -4) - 0.
4
-3 + (2 - -1 - 0)
0
What is the value of 5 + (0 + -2 - (2 - 0))?
1
6 - ((-12 - (-8 + 1)) + 13)
-2
What is the value of -2 + (-1 - 0) - (-19 + 18)?
-2
Evaluate -8 - 0 - (-1 - 3).
-4
-8 + 5 - (0 + (-1 - -2))
-4
What is 3 + (-8 - -3) + 1 + 1?
0
Calculate -2 - (0 - -4) - -4.
-2
What is -3 + 3 - (2 - 0)?
-2
Calculate (1 - -3) + -4 + 3 - 7.
-4
Calculate -1 - (9 + 8 + -14).
-4
Calculate 1 + -2 + 6 + 14 + -18.
1
Evaluate -1 + -3 - (-3 - -5) - -1.
-5
6 - 2 - (57 + -52)
-1
What is the value of -2 + (2 - (-6 - -3))?
3
What is the value of -4 + 7 + -6 + (3 - 1)?
-1
Calculate (-193 - -182) + 0 + 8.
-3
Evaluate 0 + 1 - 1 - (-90 - -91).
-1
Calculate 3 + (7 - 12) + -5.
-7
-14 + (-12 + 8 + 15 - 3)
-6
(3 - -1) + -2 - (0 - -1)
1
-1 - -1 - (6 + -12 + 5)
1
Calculate 8 + -1 + -4 + -2.
1
Evaluate -1 + -2 + (2 - 9) + 16.
6
5 - (1 + 7) - (0 + -1)
-2
Calculate 4 + -2 + (-6 - -3).
-1
0 + 3 + -3 + -3
-3
What is (4 - (1 + 3)) + 5?
5
What is the value of 3 + -6 - -3 - (-5 + 8)?
-3
What is 0 + -10 + (24 - (-7 - -23))?
-2
Calculate -6 + (4 - (2 - 7)).
3
What is the value of -13 - (1 + 2 + -9)?
-7
Evaluate -16 + (-11 - -31) + -9.
-5
What is the value of -2 + 2 + -4 - -1 - 4?
-7
What is -11 + 5 - (-4 + -3)?
1
2 + 3 - (0 - -10)
-5
-12 - (-4 - (0 - -1))
-7
Calculate 0 + (-1 - 0) + (4 - 3).
0
4 + -3 + 0 - 0
1
Calculate (-5 - -3) + 0 + -1 + -2.
-5
What is -14 + 13 - (4 - 0 - 8)?
3
1 + -3 + -4 + 2
-4
What is 2 + -7 + 10 + 0 + -4?
1
Calculate -5 + (-4 - (1 + 1 + -3)).
-8
Calculate 2 - (3 + -5 + 5).
-1
Evaluate (-5 - (0 - 10)) + -9.
-4
Evaluate 5 - (-28 + 24 - (-6 - 0)).
3
What is -1 - (-3 - (1 + 1))?
4
What is the value of 2 + 3 + (4 - 7) - 5?
-3
Evaluate 9 + -7 + 4 + -3.
3
Evaluate 4 + 1 + (-1 - 5).
-1
Evaluate 3 + (6 - 3 - 3) + 1.
4
What is the value of (5 + 0 + -7 - -5) + -3?
0
Calculate 6 + -7 + 4 + -4 + -1.
-2
What is the value of (-1 - 1) + 3 + 2?
3
What is 1 + (5 - 14) - -5?
-3
What is the value of -3 - ((-7 - -8) + (-1 - 1))?
-2
Calculate (0 - 10) + (10 + -2 - 1).
-3
What is -9 + 11 + (3 - (2 - -10))?
-7
What is 5 + (-9 - (0 + (-7 - -2)))?
1
-10 - (14 - 7 - 8)
-9
What is the value of -7 + -1 + -5 + 28 + -20?
-5
Calculate 6 - -13 - 12 - (0 - -1).
6
Calculate -6 + 4 + 10 + -14.
-6
Calculate 6 + -6 + 10 - 7.
3
-7 - (2 - 0) - (1 + -5)
-5
What is -8 + 12 + -8 + -6?
-10
What is -6 - ((10 - 15) + (2 - 0))?
-3
What is the value of -10 - (1 + 5) - -10?
-6
Calculate (-2 - -3) + -12 + -12 + 16.
-7
What is (34 - 38) + (-5 + -1 - -3)?
-7
What is the value of 1 - (-3 + (4 - (3 - 0)))?
3
What is (-4 - 2) + -22 + 30 + -4?
-2
What is the value of 4 - (1 - 2) - 4 - 4?
-3
(-22 - -29) + (0 + -2 - 8)
-3
What is 5 + -7 + -1 + 5?
2
Calculate 2 - 7 - (-3 - 0).
-2
Calculate -6 - 1 - (76 + -82).
-1
Evaluate -13 + 11 + 1 + -4.
-5
Evaluate (-2 + -1 - 5) + 7.
-1
Calculate -2 - -8 - (41 - 35).
0
2 + -13 - (-51 + 40)
0
What is the value of (9 - -2) + -6 + 0 + 2?
7
Evaluate 7 + -9 - 4 - (-1 - 5).
0
Evaluate 2 + 3 - (8 + -3 + -1).
1
What is the value of 3 - (1 - (0 + 3))?
5
-4 + -3 + 9 - 1
1
Calculate 12 + (0 - 12 - (-23 - -17)).
6
Evaluate -8 + 10 - (-1 - (-1 - 0)).
2
What is the value of 1 - (12 + -13 - -10)?
-8
-14 - (-4 - (-9 - -14))
-5
(7 - (11 - 6)) + (-1 - -1)
2
(-5 - -7) + (-4 - 4) + 2
-4
What is the value of (0 - 1) + 1 + 0?
0
What is the value of 3 + -7 + (-3 - -10)?
3
Calculate 14 + -6 + (9 - 14).
3
Evaluate (5 - (7 - 4)) + -3.
-1
Evaluate 3 + -12 + 1 + -10 + 11.
-7
Evaluate 4 + 6 + -10 + (0 - 1).
-1
1 + 2 + -2 + -21 + 17
-3
What is the value of -3 + -4 + -1 - -6?
-2
What is (-3 + 5 - 3) + 0 + -3?
-4
What is 12 - 1 - 22 - -13?
2
Evaluate 14 + (-3 - -3) + (-6 - -1).
9
0 + (2 - 1) + -3 + 6
4
What is 2 + (-22 + 9 - -4)?
-7
What is (1 - (1 + 1 - 2)) + -6?
-5
What is -9 + (-5 - (-5 + -3))?
-6
What is 11 - 3 - 3 - 3?
2
What is -5 - (-4 + -2) - (3 + -1)?
-1
5 - (-40 + 39 - (-1 + 1))
6
3 + 3 + 3 + -6
3
Calculate -4 - (-3 - (-2 + 3)).
0
Evaluate -28 + (24 - 10) - -6.
-8
What is the value of 2 + (-8 - (-5 + -1 + 2))?
-2
Calculate 4 + (-15 - -9) + 5 + 0.
3
-2 + 3 + 4 + -3 - 5
-3
Evaluate (-4 + -1 + 12 - 3) + -12.
-8
What is 5 + (2 - 6 - (2 - 3))?
2
What is the value of 0 - 3 - (6 + -15 + 8)?
-2
What is -6 + -3 + (8 - (3 - -3))?
-7
Calculate -3 + (-5 - (-3 + -7)).
2
What is the value of (5 - 2) + -3 + -4?
-4
1 - 0 - (-17 - -17)
1
What is the value of 7 + -2 + 0 - 1?
4
(1 - (-1 + -3)) + -4 - 4
-3
What is -1 + -4 + (7 - -1)?
3
Evaluate 1 + -1 + -1 + 2 - -3.
4
Evaluate -1 + -3 - -1 - -5.
2
What is the value of 2 - (-2 - 1 - -8)?
-3
What is -22 - -11 - (-3 + -1)?
-7
What is 3 + 4 + -1 + 3 + -5?
4
0 + (-10 - -1) + 14
5
What is 9 + -2 + 8 + -12 + 5?
8
Evaluate -8 - -5 - -12 - 5.
4
0 - -2 - 1 - (4 - 6)
3
What is the value of 5 + -7 + 10 + -7?
1
2 + (-2 - -1) + -14 + 16
3
-2 - (2 - (-6 - -14))
4
What is the value of -4 - (-14 + 5 - -5)?
0
Evaluate (-3 - -1) + -2 + -1 + 0.
-5
What is -12 + 1 + (-37 - -43)?
-5
What is the value of 3 - -3 - ((13 - 9) + 8)?
-6
What is -5 + 3 + 6 + (-16 - -14)?
2
Calculate 0 - 6 - (51 - 51) - -4.
-2
Calculate (1 - 5 - (-6 - 1)) + -10.
-7
What is -3 + 9 + 2 + 42 + -44?
6
Calculate -4 + -1 + 3 - -1.
-1
Evaluate (-8 - -5) + 4 + -6.
-5
4 + -3 + -6 + 4
-1
Evaluate -4 + -5 + 7 + 5.
3
2 - -2 - (8 + -6)
2
What is 1 + (-8 - (-7 + -3))?
3
What is 2 - -3 - 9 - -4?
0
(-4 - (-2 + -3 + 6)) + 2
-3
Evaluate (-3 - (4 + -3)) + 1.
-3
What is the value of -16 - -18 - (0 + 0)?
2
Evaluate -5 - (-4 - (6 - 10)).
-5
0 - ((-2 - -4) + -2)
0
Calculate -8 + (13 - 16 - (1 - 14)).
2
What is (2 - 0) + (-2 - (6 + -6))?
0
Calculate 5 + (1 + -5 - 0) + -3.
-2
Evaluate (4 - 1) + 2 + -3 - 7.
-5
Evaluate -3 + 1 - 4 - -10.
4
What is the value of -1 - (0 - (2 + (3 - 5)))?
-1
Calculate 14 + -16 - (2 - (2 + -1)).
-3
What is -20 - (11 - (4 - -17))?
-10
Calculate 1 + (3 - 15) - -8.
-3
What is the value of (-6 - (3 - 9)) + -5?
-5
Calculate (-1 - -1 - (10 + -11)) + 3.
4
What is -12 - -16 - (2 - 2)?
4
2 + -7 - (-13 - -7)
1
What is the value of 14 + -9 - (1 + 2)?
2
0 + -5 + (6 - -1)
2
Evaluate 107 - 110 - (-5 - -2).
0
What is 3 + (0 - 4) + 4?
3
Evaluate 1 + 1 + -10 + 38 + -36.
-6
Calculate -1 + (8 + -3 - 1).
3
What is (-5 - 0) + (-1 - -7) + -1?
0
What is 12 + -3 + -7 - 2?
0
(-17 - -15 - (0 + -2)) + -8
-8
What is the value of 3 + 1 + 2 + 0 + -2?
4
-2 + 1 + (73 - 75)
-3
-2 + 9 - (5 + 3 + -3)
2
What is (-6 - -4) + -2 + 1?
-3
What is -1 + 4 - (-1 + 6)?
-2
Calculate 3 + -1 + 1 + 13 + -10.
6
-3 + 11 + 8 + -12
4
Calculate (1 - -3) + (-12 - -3).
-5
What is (-6 + 4 - (-1 - 3)) + -3?
-1
(1 - 6) + (-6 - -9 - -6)
4
Calculate -5 + (-2 - -6) + (-2 - 1).
-4
-3 + (-4 - (-4 - 1 - 3))
1
What is the value of -4 - (7 + (-6 - -8) - 6)?
-7
What is the value of 102 - 85 - (-1 + 3 + 6)?
9
What is 1 + 3 + -5 + (0 - 1)?
-2
What is -11 + -7 + 19 - (-1 + 1)?
1
What is -4 - (1 - -1) - (-29 + 28)?
-5
7 + -7 + (11 - 6) + -8
-3
Calculate 3 + (-3 - 2) + 1.
-1
What is 16 + -16 + 0 + (2 - 4)?
-2
Calculate 0 + 1 + (-18 - -13).
-4
5 - ((27 - 11) + (0 - 3))
-8
Evaluate -1 - -1 - -5 - (-21 - -23).
3
(-7 + -5 - -33) + -12
9
What is the value of (-3 - (4 + -7)) + 2 + 3?
5
Evaluate 11 + -5 + 4 - 5.
5
What is (10 - 0) + -10 + -9?
-9
What is (12 - 13) + (2 + -3 - -6)?
4
-1 + -2 + (-26 - -29)
0
Calculate 0 + 4 + (5 - 3).
6
What is (-1 - -4) + -6 + (3 - 3)?
-3
Calculate (2 - 0) + (-6 - 1).
-5
Evaluate (11 - 9) + 18 - 13.
7
What is the value of -3 + -7 + 6 - -5?
1
What is the value of -1 + -3 - (-3 - 0)?
-1
